3 composite?
False
Is 6605832029 prime?
True
Is 107920846229 composite?
True
Is 42330610627 prime?
True
Is 178051429 prime?
True
Is 234659603 prime?
False
Is 252786967 a prime number?
False
Is 7072277591 a prime number?
True
Is 164530661573 composite?
True
Is 32027006002 a composite number?
True
Is 22152848915 a prime number?
False
Is 236637689 a composite number?
False
Is 150100211 prime?
True
Is 204955617935 composite?
True
Is 23757141383 composite?
True
Is 425353523 composite?
True
Is 41184077762 a prime number?
False
Is 1109720851 a prime number?
False
Is 20539545431 prime?
True
Is 282624857007 composite?
True
Is 52220807021 a prime number?
True
Is 74385182471 a composite number?
True
Is 274231397 composite?
True
Is 1924693171 a composite number?
False
Is 6361478987 a composite number?
False
Is 17692715459 a prime number?
True
Is 661093189 a prime number?
True
Is 33601051577 composite?
True
Is 39148279637 a composite number?
False
Is 393433097 prime?
True
Is 1210922309 a composite number?
False
Is 41956270537 composite?
True
Is 3049445221 prime?
True
Is 1878033581 a prime number?
False
Is 7504156259 composite?
False
Is 313687951 a prime number?
False
Is 2433646329 composite?
True
Is 67939044737 a composite number?
False
Is 1107948631 a prime number?
True
Is 81538099 prime?
False
Is 12301280267 a composite number?
False
Is 1681368529 a prime number?
False
Is 781553 a prime number?
False
Is 3519573883 a composite number?
True
Is 25443650173 a prime number?
False
Is 12460709713 prime?
False
Is 733993723 composite?
True
Is 6168799045 composite?
True
Is 3341232007 a prime number?
True
Is 1314270553 a prime number?
True
Is 6080323591 composite?
False
Is 146546717813 prime?
False
Is 29984771 prime?
True
Is 5494356661 a prime number?
False
Is 53116596977 a prime number?
False
Is 34851628763 a composite number?
True
Is 15293275121 prime?
False
Is 559533938 a composite number?
True
Is 6336401195 prime?
False
Is 3677300741 a prime number?
True
Is 53824171 composite?
False
Is 985269359 prime?
False
Is 44548567051 prime?
True
Is 16242488113 a prime number?
False
Is 9717808721 composite?
False
Is 1874183209 composite?
True
Is 1221720779 composite?
False
Is 1726032457 a prime number?
False
Is 2605780913 a prime number?
False
Is 20359849607 prime?
False
Is 911445033 a composite number?
True
Is 12936392561 prime?
False
Is 478283653 a prime number?
True
Is 66395743 a prime number?
True
Is 85207425049 prime?
False
Is 97761413 composite?
True
Is 2248121459 composite?
False
Is 8832328453 prime?
False
Is 995378261 a prime number?
True
Is 170066987 a composite number?
False
Is 935111773 composite?
False
Is 8402332199 a prime number?
True
Is 47699091049 prime?
True
Is 961616797 a prime number?
True
Is 1055376319 composite?
True
Is 16899867337 composite?
True
Is 41935400447 a prime number?
False
Is 62593994039 composite?
True
Is 611143723 prime?
False
Is 1353828271 composite?
False
Is 1614507109 a composite number?
False
Is 24236241814 composite?
True
Is 27011055958 prime?
False
Is 4787761339 a composite number?
True
Is 5067036811 composite?
False
Is 7382833397 a prime number?
True
Is 2630481353 a prime number?
False
Is 4140219497 prime?
False
Is 701234441 a prime number?
False
Is 107584567 a composite number?
True
Is 4258831 a prime number?
False
Is 684461731 a prime number?
False
Is 403930361 composite?
True
Is 3337390493 a prime number?
True
Is 60430104123 a composite number?
True
Is 177142037879 composite?
False
Is 6700689719 prime?
True
Is 1045587173 prime?
True
Is 22416966053 a prime number?
True
Is 657227782 composite?
True
Is 2811876427 a prime number?
True
Is 426672289 composite?
True
Is 59140734889 composite?
False
Is 1586471179 a composite number?
True
Is 20921157919 composite?
False
Is 3358677407 prime?
True
Is 5585794561 composite?
True
Is 22131170947 a composite number?
False
Is 1574438933 a prime number?
False
Is 31147167449 prime?
False
Is 2216809541 prime?
True
Is 13282817477 a composite number?
True
Is 11491183829 prime?
False
Is 6165224687 a prime number?
False
Is 49154527 composite?
True
Is 16476709895 prime?
False
Is 2114945737 a prime number?
True
Is 51579677 a prime number?
False
Is 1768036147 a prime number?
True
Is 50889089453 prime?
True
Is 590928571 prime?
True
Is 18243339481 prime?
True
Is 540646081 a composite number?
True
Is 4708373317 a prime number?
True
Is 652831741 a composite number?
False
Is 10030118113 composite?
False
Is 4112758151 composite?
True
Is 71432764507 composite?
True
Is 570028301 composite?
True
Is 457308437 prime?
False
Is 103493639 a prime number?
False
Is 26487107291 composite?
True
Is 5414757307 prime?
True
Is 23202391 a composite number?
False
Is 2631899291 a prime number?
False
Is 2074125241 a composite number?
True
Is 1369475417 a composite number?
True
Is 24059364559 a composite number?
False
Is 11223488077 a prime number?
False
Is 14794166671 a composite number?
False
Is 62225805363 composite?
True
Is 10859427727 a composite number?
True
Is 2310357593 prime?
True
Is 1687643767 prime?
False
Is 1218569629 composite?
False
Is 1149201313 composite?
True
Is 1733377819 composite?
True
Is 2323883777 composite?
False
Is 1925410987 prime?
True
Is 12022350959 a prime number?
True
Is 382924469 prime?
True
Is 862222547 a composite number?
False
Is 32480154913 prime?
True
Is 2116424441 prime?
True
Is 52404384077 a composite number?
False
Is 389778833 a composite number?
True
Is 3828982301 a prime number?
False
Is 623960431 composite?
True
Is 12481072991 composite?
False
Is 15669794563 a composite number?
False
Is 1770815503 a composite number?
False
Is 74479331869 prime?
True
Is 3041733127 a prime number?
True
Is 57540113923 composite?
False
Is 1199601857 composite?
True
Is 2480520479 a composite number?
True
Is 26065924121 composite?
False
Is 61939237 a composite number?
False
Is 4654631671 a composite number?
True
Is 11892800743 a composite number?
False
Is 1191348209 a prime number?
True
Is 4403149537 composite?
False
Is 45182342327 composite?
True
Is 11166424253 composite?
True
Is 468685649 prime?
False
Is 3890473493 a prime number?
False
Is 32631852653 composite?
True
Is 9111280569 prime?
False
Is 1532321171 a prime number?
True
Is 2356625339 a composite number?
False
Is 24193370627 composite?
False
Is 1352183341 a prime number?
True
Is 2391940169 prime?
False
Is 419902949 a prime number?
True
Is 8230722671 a prime number?
True
Is 13779216527 a prime number?
False
Is 1164035065 a composite number?
True
Is 3096967891 prime?
True
Is 441613277 a prime number?
False
Is 1046355263 a prime number?
False
Is 13667475781 a prime number?
False
Is 6123945907 composite?
False
Is 1604974429 a composite number?
False
Is 38639268221 a composite number?
False
Is 16149547849 composite?
True
Is 3778084717 prime?
False
Is 61045207 a composite number?
False
Is 1084519459 composite?
False
Is 32110136371 composite?
False
Is 514326457 composite?
False
Is 4707481859 composite?
True
Is 4633854311 composite?
True
Is 287660797 a composite number?
True
Is 4870627591 composite?
True
Is 23888868713 a prime number?
True
Is 28971638519 a composite number?
False
Is 3993089809 prime?
False
Is 20916745207 a prime number?
False
Is 1578408073 prime?
False
Is 224778979 a prime number?
True
Is 60577203821 prime?
True
Is 2893339807 prime?
True
Is 2458166453 a composite number?
False
Is 257380633 a prime number?
True
Is 4983663961 prime?
False
Is 22428722497 composite?
False
Is 45363413 composite?
True
Is 5849393551 a prime number?
False
Is 176327587 a composite number?
True
Is 43547979427 a prime number?
False
Is 32050616497 a composite number?
True
Is 1322996947 a composite number?
True
Is 37488142871 a composite number?
False
Is 9388638691 prime?
True
Is 7562884597 composite?
False
Is 5002905983 a prime number?
False
Is 12183812071 prime?
False
Is 14879041313 a prime number?
False
Is 7576692029 prime?
True
Is 486152393 composite?
False
Is 29467979 composite?
False
Is 49699621441 a composite number?
False
Is 16918747603 a prime number?
True
Is 192126527 prime?
True
Is 599441833 prime?
True
Is 581048521 composite?
False
Is 1362195847 prime?
False
Is 26673509549 a composite number?
False
Is 12216840683 a prime number?
False
Is 21090384277 a composite